y 22?
18
Suppose -4*h - 555 = -9*h. Let k = -108 + h. Suppose 0 = k*g + y - 8, 0*g + 2*y = -5*g + 14. What is the remainder when 19 is divided by g?
1
Let r = 172 - 169. Let i(p) = 47*p - 94. What is the remainder when 89 is divided by i(r)?
42
Suppose -5*n - 18 + 3 = 0. Let d(g) = -g + 9. Let f be d(n). Suppose -286 = -5*t - m, 2*m = -f + 4. Calculate the remainder when t is divided by 20.
18
Let q = -28773 + 28984. Calculate the remainder when q is divided by 62.
25
Let l be (4 - (-6 + 8)) + (-4)/(-2). What is the remainder when 423 is divided by (-210)/(-4) - (-2)/l?
52
Let w(u) = u**2 + 3*u - 119. Let r be w(-13). Suppose -4*n + p = -113, 9*n + 3*p = r*n - 59. Calculate the remainder when 92 is divided by n.
8
Let n = -97 + 123. Suppose -193*q = -192*q - n. Calculate the remainder when 101 is divided by q.
23
Let i(d) be the first derivative of -7*d - 5/3*d**3 + d**2 - 1/4*d**4 + 25. What is the remainder when 65 is divided by i(-6)?
14
Let r = 228 + -7. Suppose -528 = -7*k + r. Calculate the remainder when k is divided by 56.
51
Let p be 6 - ((-10)/(-10) - 400). Let t = -345 + p. What is the remainder when t is divided by 48?
12
Let n(d) = -71*d - 1138. What is the remainder when n(-19) is divided by 36?
31
Let a be ((-8)/((-192)/3))/(1/8). Suppose -27*u + 296 = -a. Calculate the remainder when 104 is divided by u.
5
Suppose -143*u = 20*u + 20*u - 14274. Calculate the remainder when 238 is divided by u.
4
Suppose 0 = c + 6, 0 = 2*h - 5*h + 4*c + 279. Calculate the remainder when 226 is divided by h.
56
Let i be -2*((-570)/(-5))/(-6). Suppose -4*c + i = -w, 10 = -w - 4*w. Calculate the remainder when 331 is divided by c.
7
Suppose -115*d - 34*d = -31*d - 18762. Calculate the remainder when 640 is divided by d.
4
Calculate the remainder when 383 is divided by ((-711)/(-18))/(-7 + (-60)/(-8)).
67
Let v(g) be the first derivative of 15*g**2/2 + 119*g - 187. What is the remainder when 211 is divided by v(-4)?
34
Suppose 0 = 2*q, -5*q = 3*h - 173 - 40. What is the remainder when 208 is divided by h?
66
Suppose -33*q + 15*q + 4390 = -16*q. Calculate the remainder when q is divided by 11.
6
Suppose -3*y - 10*b - 5*b + 1461 = 0, 5*y - 4*b - 2580 = 0. What is the remainder when y is divided by 104?
96
Suppose 4*y = -f + 501, 0 = 176*f - 174*f + 6. Calculate the remainder when 40442 is divided by y.
122
Let h(w) = w**3 - 58*w**2 + 314*w - 76. Calculate the remainder when 195 is divided by h(52).
27
Suppose 26*v = -a + 27*v + 30, 4*v = 2*a - 66. What is the remainder when 969 is divided by a?
24
Suppose i = -5*o + 556, i - 1153*o - 536 = -1148*o. Calculate the remainder when i is divided by 53.
16
Let a = 41903 - 41802. What is the remainder when 15855 is divided by a?
99
Suppose r - 1484 = -2*d + 127, -5*r + 3207 = 4*d. Let w = d - 467. What is the remainder when w is divided by 7?
5
Let u(d) = -d**2 + 10*d + 8. Let m be u(11). Suppose -50 + 194 = 9*r. What is the remainder when r is divided by ((-7)/m)/(6/18)?
2
Suppose 0 = -13*u + 8*u - d - 113, 2*u + 2*d = -50. What is the remainder when (-4)/((-16)/u)*(-40 + 6) is divided by 48?
43
Suppose -21*r = 6*r + 27. Suppose -14 + 2 = 4*u. Calculate the remainder when 50 is divided by u*(r - -2)*-6.
14
Let o(q) = 213*q - 165. Let v be o(5). Let x = v + -891. Suppose 4 + 9 = t. What is the remainder when t is divided by x?
4
Let x(u) = -50*u + 2*u**2 - 220 + 7 - u**2 - 19. Calculate the remainder when x(57) is divided by 28.
27
Suppose -12 = -4*a - 2*k, -a + 6 - 3 = k. Suppose -a*s + 44 = 6*g - 7*g, -5*s + 70 = -g. Calculate the remainder when 193 is divided by s.
11
Suppose -3*a = 3*d - 5*d + 30, -4*a = -2*d + 38. What is the remainder when 31 is divided by -12*((-12)/a + (-9)/4)?
4
Let f be -5*(-2 - 8/(-5)). Suppose -4 = -k + f*k. What is the remainder when 189 is divided by k*2*(-76)/16?
37
Let p be 4*(3 + 1/(-8)*-14). Suppose 4*z - 2*g + 7 = -7, 4*z + p = -3*g. Calculate the remainder when 111 is divided by (z*(-4)/8)/((-2)/(-28)).
27
Suppose -a + 70*y + 461 = 69*y, -2*y = -a + 458. What is the remainder when a is divided by 256?
208
Let i = 30494 - 30482. Suppose y - 66 = 4*t, y - 5*t - 83 = -17. Suppose -120 = -4*u - u - 5*l, 0 = -3*u - l + y. What is the remainder when u is divided by i?
9
Suppose 37*o - 30*o - 406 = 0. Suppose -4*f = 4*v - v - o, 3*f = 4*v + 31. Calculate the remainder when 621 is divided by f.
10
Let q(a) = a**2 - 4*a - 4. Suppose 2*d + 4 = 4*d, -5*k - 3*d = 704. Let n = k + 242. Calculate the remainder when n is divided by q(-3).
15
Suppose 0 = -4*l - b + 20 - 0, -3*b = 3*l - 24. What is the remainder when 72 is divided by ((-2)/(-12)*-2)/(l/(-300))?
22
Let c be 430/129 + 4/6. Suppose 0 = 5*b + 2*o - 132, -81*b - 96 = -85*b - c*o. Calculate the remainder when 54 is divided by b.
26
Suppose 56 = 11*r + 243. Let h(k) = -k**3 - 19*k**2 - 10*k + 2. Let o be h(r). What is the remainder when (3/2)/(7/o*-1) is divided by 15?
12
Let t be 1/(-3) - (-1)/3. Suppose t*c = 2*c - 100. Suppose -2158*d + 6068 = -11476 + 4750 - 15260. What is the remainder when c is divided by d?
11
Suppose 0*g + 2*g = w - 77, -3*g + 333 = 5*w. Let d(a) = -8*a + 60. Calculate the remainder when d(-26) is divided by w.
61
Suppose -w = 2*w - 198. Suppose 4*r - w - 98 = 0. Suppose 2*t = -4*t + 66. What is the remainder when r is divided by t?
8
Suppose 4*c = -6*l + 5*l + 112, -161 = -5*c + 4*l. What is the remainder when c is divided by (-3)/(((-1377)/170)/27)?
9
Let h(w) = 43*w - 2737. Calculate the remainder when 126 is divided by h(64).
6
Let c(w) be the second derivative of w**4/12 + 2*w**3 + 10*w**2 + 15*w. Let s be c(-9). Let h = 9 - s. Calculate the remainder when 61 is divided by h.
13
Let j(d) = 968*d + 9. Let i be j(-1). Let k = -900 - i. Calculate the remainder when 116 is divided by k.
57
Suppose -8 = 16*k + 280. Let d(s) be the first derivative of s**3/3 + 9*s**2 + 5*s - 2. Calculate the remainder when d(k) is divided by 4.
1
Let s(u) = 8*u - 3. Let g(m) = 23*m - 121. Let j be g(16). Let a = 269 - j. Calculate the remainder when a is divided by s(2).
9
Let c(j) = -184*j + 1897. Calculate the remainder when c(9) is divided by 33.
10
Let b = 185 + -90. Suppose 1372 = 5*i + 4*r, -5*r = 2*i - 788 + 229. What is the remainder when i is divided by b?
82
Suppose -13*t = -16*t, -t = -5*u. Suppose 2*w - 116 = -4*m, u*w - 5*w = 10. Calculate the remainder when m is divided by 11.
8
Suppose -3*q + 19 = -2. Suppose -s + 63 = -3*h + q*h, -5*s = -h - 420. What is the remainder when s is divided by 23?
14
Let f = 94 - 53. Let q(y) = -y**2 + 59*y - 206. What is the remainder when f is divided by q(55)?
13
Suppose -3*g + 5*x + 12 = -4*g, 0 = -3*g - 5*x - 6. Suppose 6*f - 6 = g*f. Suppose -f*s + 6*s - 56 = 0. Calculate the remainder when 27 is divided by s.
13
Calculate the remainder when 633 is divided by (-1)/(-1)*27750/222.
8
Let y = -57 + 204. Suppose 0 = -13*t - 202 + 85. Let p(q) = -q**3 - 11*q**2 - 18*q + 25. Calculate the remainder when y is divided by p(t).
22
Let p be (299/(-3))/((-19)/57). Let j = p + -271. What is the remainder when 53 is divided by j?
25
Let j = -147 - -122. Let n = 4 - j. Calculate the remainder when 316 is divided by n.
26
Suppose -32*p + 3599 = 14447. Let n = p - -345. What is the remainder when 18 is divided by n?
0
Let z be 12/(-18)*-2*6/8. Let r be (-7)/(z - (-15)/(-12))*1. Calculate the remainder when 2336/r - 3/7 is divided by 14.
13
Calculate the remainder when 6775 is divided by ((-1387)/(-9) + (-83)/747)*1.
153
Let u(b) be the second derivative of -9*b**5/10 - b**4/12 + b**3/2 + 3*b**2 + 5*b - 4. Suppose -o + 5 = 7. What is the remainder when u(o) is divided by 11?
8
Suppose -55*j + 20891 = 79*j - 15959. What is the remainder when j is divided by 113?
49
Suppose -17*f + 2213 = -1612. Suppose -f = 3*g - 8*g + 4*z, 5*g + 4*z = 185. Calculate the remainder when g is divided by (0 - -2)/(4/42).
20
Suppose -317*n = -337*n + 820. Calculate the remainder when n is divided by (-2)/(-8) - (-166)/8.
20
Suppose 55 = -3*t + 535. Suppose -5*r + 107 = -4*f, 6*f + 70 = 4*r + 4*f. What is the remainder when t is divided by r?
6
Suppose 1814*p + 57403 - 18091 = 1970*p. What is the remainder when p is divided by 103?
46
Suppose -9*g - 5795 = 4834. Let u = 1689 + g. Calculate the remainder when